031
In base 10, what is 304 + -6311290?
-6310986
In base 12, what is -2b1a - -5800?
28a2
In base 4, what is -12 - -3013011?
3012333
In base 11, what is -41 + 919481?
919440
In base 5, what is 3311043212 + -1?
3311043211
In base 11, what is 5 - 19773272?
-19773268
In base 4, what is -13030 - 11312210?
-11331300
In base 7, what is 2311136051 - 5?
2311136043
In base 5, what is 412 - -202112434?
202113401
In base 15, what is 882 + -137?
74a
In base 11, what is -5 + 6a190748?
6a190743
In base 7, what is 1 + 455342316?
455342320
In base 2, what is 1000 - 11100010000101011010?
-11100010000101010010
In base 12, what is 173b9 - -2b0?
176a9
In base 9, what is 657848 - 2?
657846
In base 2, what is 100100100000011101 - -1010010000?
100100101010101101
In base 16, what is -57ae8ef + 1?
-57ae8ee
In base 15, what is -169c - -1c042?
1a895
In base 15, what is 2c7 - 3c881?
-3c5a9
In base 15, what is 2 - b06622?
-b06620
In base 5, what is -131 - -414302301?
414302120
In base 15, what is -7e0 - 256a?
-2d5a
In base 13, what is 3b86780 - -2?
3b86782
In base 3, what is -221211020 - -11120012?
-210021001
In base 14, what is 2 + -377bc3?
-377bc1
In base 8, what is -1320 + 36151?
34631
In base 6, what is 2054313 - -2322?
2101035
In base 8, what is 2 - -117115415?
117115417
In base 15, what is 3 + -2c6067?
-2c6064
In base 3, what is 10110 + -2000112022002?
-2000112011122
In base 16, what is 2 - 1f9c030?
-1f9c02e
In base 13, what is -136 - -465474?
46533b
In base 12, what is 1a0927a - -35?
1a092b3
In base 5, what is 11133040 - -4103?
11142143
In base 6, what is 3 + -15111514143?
-15111514140
In base 9, what is -345811 + -7?
-345818
In base 2, what is 1110100000110010101100 - 1010?
1110100000110010100010
In base 4, what is -2332223 - 1330311?
-10323200
In base 9, what is -10 + 113331?
113321
In base 16, what is 13f + -116e9e?
-116d5f
In base 7, what is 626 - -2212134?
2213063
In base 11, what is 0 + 148836?
148836
In base 11, what is a - -1263796?
12637a5
In base 2, what is 1000101011001111110011 - 10001?
1000101011001111100010
In base 11, what is -5 + a2639884?
a263987a
In base 14, what is -207298 - 8?
-2072a2
In base 13, what is -23ab7ac5 - 5?
-23ab7aca
In base 9, what is 18886 + 754?
20751
In base 3, what is -11201121122 - -2110111?
-11122011011
In base 4, what is 303231023 + -2220?
303222203
In base 7, what is -15623135 - -21?
-15623114
In base 16, what is -139ceb4 + 4?
-139ceb0
In base 7, what is 2116350 - -241?
2116621
In base 2, what is 1101101111001010000 - -1010010100?
1101110000011100100
In base 10, what is -75 + -61190?
-61265
In base 11, what is -1253 + 28090?
26938
In base 11, what is -48866 - 191?
-48a47
In base 6, what is -2 - -134113?
134111
In base 10, what is 64 + 39612?
39676
In base 11, what is 434 - 34723?
-3429a
In base 2, what is 11101100 - -10101001110101001110?
10101001111000111010
In base 12, what is -2b9 - -17055?
16958
In base 7, what is -21544 - 140132?
-162006
In base 11, what is -4 + 9568771?
9568768
In base 10, what is -1399 - 19246?
-20645
In base 15, what is 4810 + -68?
4797
In base 4, what is -33221112211 + 122?
-33221112023
In base 14, what is -8474 + 124c?
-7226
In base 14, what is -228 + -11b53?
-11d7b
In base 9, what is 7217 - -123663?
131881
In base 12, what is 180 - -1615a?
1631a
In base 15, what is 481c29 - 9?
481c20
In base 5, what is 34003 - -111332?
200340
In base 3, what is -12111112 - -2111222210?
2022111021
In base 8, what is 5 - 1227605525?
-1227605520
In base 9, what is 164586 - 148?
164437
In base 10, what is 64 + -47079?
-47015
In base 10, what is 77109 - -119?
77228
In base 5, what is -3030112 - 242?
-3030404
In base 8, what is 724 - 56442?
-55516
In base 16, what is -10b4a884 + 2?
-10b4a882
In base 11, what is 63 - 31a7706?
-31a7653
In base 13, what is 1b890 - b2?
1b7ab
In base 7, what is 4410663 - 34?
4410626
In base 14, what is -19c35b8 - -1?
-19c35b7
In base 4, what is -10 + -212000003202?
-212000003212
In base 2, what is -10 + -11001101001010111011111?
-11001101001010111100001
In base 11, what is -5 + 9a41851?
9a41847
In base 16, what is -5 - 1e7c160?
-1e7c165
In base 3, what is -22 + 1000010110122010?
1000010110121211
In base 16, what is 27b + -4e382?
-4e107
In base 6, what is 341 - 32125122?
-32124341
In base 15, what is 32026 + -1d?
32008
In base 2, what is -110 + -11110011110110110100001?
-11110011110110110100111
In base 9, what is -86 - 384360?
-384456
In base 15, what is -18d - -15a6?
1418
In base 9, what is -24746 - 2432?
-27278
In base 10, what is -4 - -17059852?
17059848
In base 3, what is -10 + -1200220201201000?
-1200220201201010
In base 5, what is -12 + 143314240432?
143314240420
In base 7, what is 32615 - 40611?
-4663
In base 12, what is -4909 - 688?
-5395
In base 14, what is 2 + 152b955?
152b957
In base 6, what is 21413 - -11143?
33000
In base 14, what is -513c637d + 2?
-513c637b
In base 13, what is -1a6c - -6711?
4972
In base 2, what is -100010011001 + -110110101101100?
-111011000000101
In base 5, what is 132 + -2142334?
-2142202
In base 16, what is -a + e01829?
e0181f
In base 5, what is 2311221022 - -11?
2311221033
In base 15, what is -72 + -77be?
-7841
In base 2, what is 1111110001100010011100010 + 101?
1111110001100010011100111
In base 10, what is -112 + -23356?
-23468
In base 5, what is -10 - -4423340001?
4423334441
In base 3, what is 222 - 21101222212?
-21101221220
In base 9, what is -125527 + 2417?
-123110
In base 3, what is -2222021121102 + 110?
-2222021120222
In base 3, what is 20022201220100220 - 12?
20022201220100201
In base 2, what is -110101000101 + -1010010110?
-111111011011
In base 15, what is ed966 + c?
ed973
In base 10, what is -24160234 - 2?
-24160236
In base 15, what is 2 + 108562ea?
108562ec
In base 7, what is 2 - 210420415?
-210420413
In base 12, what is -1171503 + 4b?
-1171474
In base 5, what is 240230003 + -203?
240224300
In base 6, what is 314122514 - -2?
314122520
In base 16, what is -a65 + 266a?
1c05
In base 10, what is -456738118 + 2?
-456738116
In base 9, what is 52 - -1437751?
1437813
In base 6, what is 12252 - -12401?
25053
In base 15, what is -4 + 547744?
547740
In base 7, what is 230525 + -50?
230445
In base 6, what is 52003 + 1312025?
1404032
In base 10, what is 25128 - 212?
24916
In base 16, what is 127b + 4e867?
4fae2
In base 4, what is -231013000 - 1030?
-231020030
In base 16, what is -9b08ae + -2b?
-9b08d9
In base 3, what is 2 + -102121022111021102?
-102121022111021100
In base 7, what is 21 + -1034122244?
-1034122223
In base 4, what is -1 - -220220313130?
220220313123
In base 12, what is -ab1b62 + 7?
-ab1b57
In base 12, what is a119 - 794?
9545
In base 3, what is -12121200 - 221211212?
-1011110112
In base 11, what is 199 - -16098?
16286
In base 7, what is -10 - -22254231?
22254221
In base 12, what is 1b7 + 340b59?
341154
In base 9, what is -3126 - 1678?
-4815
In base 16, what is -a664 - -251c?
-8148
In base 13, what is -33b7414 + -2?
-33b7416
In base 5, what is 241431 + 342?
242323
In base 4, what is -132201300201 + -21?
-132201300222
In base 15, what is -86d + -7ca7?
-8625
In base 15, what is 466504c0 + -1?
466504be
In base 13, what is -163662 - -1c?
-163643
In base 16, what is -53 - 5be6f?
-5bec2
In base 3, what is 21011012210220100 + 2?
21011012210220102
In base 5, what is -431422 + 11124?
-420243
In base 7, what is -4 + 11422261?
11422254
In base 15, what is c4a + 88dd?
9638
In base 14, what is 73ca276 + -5?
73ca271
In base 2, what is -1001 - 101001101101001110001?
-101001101101001111010
In base 2, what is 10101000001101010110001010 + 100?
10101000001101010110001110
In base 9, what is -3 - 84585847?
-84585851
In base 8, what is 34144422 - 53?
34144347
In base 15, what is -955 + -4c8?
-e2d
In base 9, what is 68 + -31012337?
-31012258
In base 4, what is 232 + 2013211?
2020103
In base 3, what is -10 + -2100201101012?
-2100201101022
In base 12, what is -1624b260 + a?
-1624b252
In base 4, what is -13 - -1020203213122?
1020203213103
In base 4, what is 103303331033121 - -11?
103303331033132
In base 9, what is -30000142 - 1?
-30000143
In base 4, what is -13 + -211010020113?
-211010020132
In base 10, what is -24726 + 183?
-24543
In base 15, what is -42a4ac + 9?
-42a4a3
In base 15, what is -4d54467 + 5?
-4d54462
In base 3, what is 101 + -111010100100110?
-11101010010